 9*k + 18. Let m be v(8). What are the prime factors of (-24 + 5)*(-12 - m)?
2, 11, 19
Let w(k) = 490*k**2 - 47*k + 249. What are the prime factors of w(8)?
3, 29, 359
Let f be (1 + 0 + -1)*-1. Let z(x) = x + 21. Let q be z(-15). Suppose f*r - 144 = -q*r. What are the prime factors of r?
2, 3
Let p = -48 + 52. Let a be -1 + (p - 3) - (1 - 3). Suppose -4 = a*o, 25 + 43 = 3*r - o. List the prime factors of r.
2, 11
Let s(w) = -w**2 + 21*w - 2629. Let d(q) = -7*q + 875. Let t(z) = -11*d(z) - 4*s(z). List the prime factors of t(0).
3, 11
Let j = -1044 - -692. Let t = 762 + j. Suppose -2*m - 3*m + t = 0. What are the prime factors of m?
2, 41
Let i(z) = -2*z + 0*z + z**2 + 0*z - 17. Suppose -340*s - 104 = -353*s. List the prime factors of i(s).
31
Let s(w) = -174*w + 15947. List the prime factors of s(-60).
26387
Let f = -34 + 145. Let t(v) = -v**2 - 77*v - 367. Let s be t(-63). Suppose s = 4*y + f. What are the prime factors of y?
101
Suppose -42 = -2*g - 4*h, h - 6 = -g + 2*h. Suppose i + g = 8. List the prime factors of 112 - i/(12/(-20)).
107
Let y = -52 + 55. Suppose 2*h - y = 7. Suppose c + d + 791 = 6*c, 5*c - 775 = h*d. What are the prime factors of c?
3, 53
Let w(z) be the third derivative of 11*z**6/15 - z**5/15 + 5*z**4/24 - z**3/6 - 5*z**2 - 20*z. List the prime factors of w(2).
17, 41
Let h(f) = 115*f**2 - 58*f + 48. What are the prime factors of h(-8)?
2, 3, 41
Let b = 59065 - 18309. List the prime factors of b.
2, 23, 443
Let j(c) be the third derivative of 0 + 6*c**2 + 0*c - c**3 - 1/6*c**4. List the prime factors of j(-2).
2
Let r(h) = h**3 + 5*h**2 + 5*h + 6. Let t be r(-4). Suppose t*v - 3505 = -3*a, -a - a + 2325 = -v. What are the prime factors of a?
5, 233
Let k = 6 - 1. Suppose -2*q = -k*q + 6. List the prime factors of -1*(-53)/q - 12/24.
2, 13
Let l = 349 - 364. Let a = 169 - l. List the prime factors of a.
2, 23
Let s = 6077 + -3354. List the prime factors of s.
7, 389
Suppose 29*x = 31*x - 1230. Suppose -x + 17449 = 19*q. What are the prime factors of q?
2, 443
Let t(r) = -r**3 + 8*r**2 - 3*r + 6. Let m(j) be the second derivative of j**3/6 + 5*j**2 - 8*j. Let l be m(-5). List the prime factors of t(l).
2, 3, 11
What are the prime factors of (14/(-6))/(80/(-117840))?
7, 491
Let a = 12181 + 3242. What are the prime factors of a?
3, 53, 97
Let u = -151 - 42. Let n = u + 349. List the prime factors of n.
2, 3, 13
Let v(g) = 16*g**3 - 18*g**2 + 20*g + 10. What are the prime factors of v(8)?
2, 5, 7, 103
Let t(j) be the first derivative of j**4 - j**3 - 11*j**2/2 + 9*j + 61. What are the prime factors of t(5)?
379
Suppose -2*j + 5*j + 32734 = 115441. What are the prime factors of j?
19, 1451
Suppose 320*x - 20244 = -2*l + 316*x, 0 = -3*l + 5*x + 30300. What are the prime factors of l?
2, 3, 5, 337
Let g = -10 - -25. Let p = g - 13. Suppose -p*s + 2*d = -86, 4*s - 2*d = -6*d + 212. List the prime factors of s.
2, 3
Suppose 0 = 94*o - 88*o - 18. Suppose -2*m = o*m - 2565. List the prime factors of m.
3, 19
Suppose 8*a - 11 = -3*m + 3*a, 2*m - 4*a = 0. Suppose -2*t + 0*s - 4*s = 0, 5*t = m*s. Suppose 4*w - h + 85 - 365 = 0, t = -h. What are the prime factors of w?
2, 5, 7
Suppose 24492 = i - 4*i + 7*i. What are the prime factors of i?
3, 13, 157
Let t = -125430 - -194106. List the prime factors of t.
2, 3, 59, 97
Suppose -27*s + 26*s = -134. Let c = s + -13. What are the prime factors of c?
11
Let a = -24505 - -35056. What are the prime factors of a?
3, 3517
Suppose b + f = 3*f - 1, 5*b + 2*f = 19. Let z(l) = 4*l + 8. Let i be z(b). Let r = i + 38. List the prime factors of r.
2, 29
Suppose -10*q + 12900 = -25*q. Let r = -380 - q. What are the prime factors of r?
2, 3, 5
Let w(d) be the third derivative of d**8/4032 + d**6/5 + 17*d**5/60 + 14*d**2. Let s(u) be the third derivative of w(u). What are the prime factors of s(0)?
2, 3
Let a(b) = 2359*b + 23. Let d be a(2). Let l = d + -3023. What are the prime factors of l?
2, 859
Let r(c) = 7*c**2 - 14*c - 1526. What are the prime factors of r(89)?
5, 7, 43
Suppose -5*t = -l - 1447, 3*t = t + 2*l + 582. Let j = 498 - t. What are the prime factors of j?
11, 19
Let u = -1072 + 8401. What are the prime factors of u?
3, 7, 349
Let i = 148 + -70. List the prime factors of 3893/7 - i/(-91).
557
Let q(s) = 25*s**3 + s**2 + 53*s - 60. List the prime factors of q(8).
2, 3307
Suppose -2*c + 6 = -4*f, -2*f - c + 1 - 14 = 0. Let o be f*(-3)/(-6)*-1. What are the prime factors of (o/4)/((-2)/(-304))?
2, 19
Suppose -5*w - 1 + 4 = 2*t, 18 = 5*t + 2*w. Suppose t*u = 2*u + 2210. What are the prime factors of (-4)/(-18) + u/9 + -6?
3, 13
Let g be (98/(-35))/((-10)/25). Suppose -g*n + 12*n + 2248 = 4*o, -3*o + 1686 = -5*n. What are the prime factors of o?
2, 281
Let r(t) = 163*t + 850. What are the prime factors of r(49)?
8837
Suppose -11763 + 16545 = l - 71908. List the prime factors of l.
2, 5, 7669
Suppose -4*o - 50 = d, -76 = -5*d + 5*o - 201. Suppose -4*r - 4201 - 1139 = 0. List the prime factors of (r/d)/(2/4).
89
Let g(c) = c**2 - 48*c + 1739. List the prime factors of g(-167).
2, 3, 3137
Suppose v + 713 = -3*x, 2*x = v - 2*v - 476. Let g = -62 - 301. Let p = x - g. List the prime factors of p.
2, 3, 7
Suppose 33*v - 26*v - 551425 = 0. What are the prime factors of v/175 + 1/(-7)?
2, 3, 5
Let g(b) = -11*b**3 - 16*b**2 - 12*b - 23. List the prime factors of g(-18).
67, 883
Suppose -m - 4*u = -17785, -2777*u + 2776*u = m - 17767. List the prime factors of m.
17761
Suppose -y + 258401 = 4*j, 10*j - 71883 = -y + 574130. What are the prime factors of j?
2, 3, 37, 97
Let g = -98 + 103. Suppose l - 1 = -y, -g*l - 4*y = -9 + 2. Suppose 227 = l*f - 481. List the prime factors of f.
2, 59
Let z be (-21)/12 - (-15)/20. Let b be 182/(0/z + (2 - 0)). Suppose 15*w = 8*w + b. What are the prime factors of w?
13
Let z(c) = 389*c**2 + 5*c - 15. What are the prime factors of z(2)?
3, 11, 47
Let u = 36690 + 1788. List the prime factors of u.
2, 3, 11, 53
Let m(l) = 30*l + 36 - 27*l + 44. What are the prime factors of m(20)?
2, 5, 7
Let c(q) = q**2 + 1. Let z(h) = 49*h**2 + 4*h + 7. Let n(u) = -c(u) + z(u). Let y be n(-3). Suppose y - 111 = 5*a. What are the prime factors of a?
3, 7
Let d = 1 + 66. Let s = d - 62. Suppose -w = -4*b - 69, -w + 15 = -s*b - 50. List the prime factors of w.
5, 17
Let l = -5500 + 9329. What are the prime factors of l?
7, 547
What are the prime factors of 382572/42*(-84)/(-24)?
3, 10627
Let c(f) = 2*f - 3. Suppose -3*v = u + 4 + 17, 3*v = -9. Let m be c(u). Let w = 5 - m. List the prime factors of w.
2
Let b(a) = 7*a**3 + a**2 - a - 7. Suppose -12 = 4*o - 24. List the prime factors of b(o).
2, 47
Let o(b) = b - 10. Let c be o(-22). Let h be (c/(-12) + 2)/(10/615). Let m = h - 63. What are the prime factors of m?
2, 7
Suppose 15 = -0*h - 2*h + 3*u, -39 = 3*h + u. Let r be (-1340)/(-12) + (-4)/h. Let g = r - 4. List the prime factors of g.
2, 3
Suppose 9*w = -47 + 128. Suppose 0 = -5*b + 3*r + 65, 3*r = -4*b + 4*r + 59. Suppose -924 = -b*m + w*m. What are the prime factors of m?
2, 3, 11
Suppose -3*h - 2*d = -6, 7*h = 2*h + 3*d + 29. Suppose 3*f - 4629 = 3*x, h*f - x + 266 = 6438. What are the prime factors of f?
1543
Let u(q) = 103*q - 103. Suppose 53*a - 437 = 30*a. What are the prime factors of u(a)?
2, 3, 103
Let j = -180 - -195. What are the prime factors of 2/10 - (-1)/(j/4932)?
7, 47
Let m(d) = -d**3 + 13*d**2 - 13*d + 37. Let k(h) = h**3 - h**2 - 14*h - 20. Let u be k(5). List the prime factors of m(u).
3, 23
Suppose -q - q + 3 = 5*x, -q - 3*x + 1 = 0. Suppose -3*b + 3369 = -4*j + j, -q*j = 20. What are the prime factors of b?
2, 13, 43
Suppose 3*h + 160 = -4*c - 626, h = -2*c - 264. Let j = h + 444. Let s = j - 1. List the prime factors of s.
5, 37
Suppose 0 = q + 3*n - 7*n - 16, -n = -4*q + 19. Let i be 43*(-3)/2*q - 0. Let m = i - -371. What are the prime factors of m?
113
Let j(i) = i**3 - 24*i**2 + 152*i + 8. List the prime factors of j(26).
2, 83
Suppose -2*z - 2447 + 3295 = 0. Let s = 1591 - z. What are the prime factors of s?
3, 389
Suppose 8*j - 9*j + 28 = 0. Let t = -16 + j. What are the prime factors of 650/t - 2/12?
2, 3
Suppose 0 = 3*t, 16 = 5*i - i - 3*t. Suppose i*f + 0*d - 2*d - 6 = 0, -4*f = 3*d - 31. Suppose -f*m = 6*m - 510. What are the prime factors of m?
